{"id":2,"date":"2010-07-29T16:29:22","date_gmt":"2010-07-29T14:29:22","guid":{"rendered":"http:\/\/fundacionmosis.org\/blog\/?page_id=2"},"modified":"2011-04-16T12:39:11","modified_gmt":"2011-04-16T10:39:11","slug":"about","status":"publish","type":"page","link":"http:\/\/fundacionmosis.com\/blog\/?page_id=2","title":{"rendered":"sobre el blog"},"content":{"rendered":"<p><!-- \t\t@page { margin: 0.79in } \t\tP { margin-bottom: 0in } \t\tP.western { so-language: es-ES; font-weight: bold } \t\tP.cjk { font-weight: bold } \t\tH2 { margin-top: 0in; margin-bottom: 0in; text-decoration: underline } \t\tH2.western { font-family: \"Times New Roman\", serif; font-size: 12pt; so-language: es-ES; font-weight: normal } \t\tH2.cjk { font-family: \"Arial Unicode MS\"; font-size: 12pt; font-weight: normal } \t\tH2.ctl { font-family: \"Tahoma\"; font-size: 12pt; font-weight: normal } --><\/p>\n<p><!-- \t\t@page { margin: 0.79in } \t\tP { margin-bottom: 0in } \t\tP.western { so-language: es-ES; font-weight: bold } \t\tP.cjk { font-weight: bold } \t\tH2 { margin-top: 0in; margin-bottom: 0in; text-decoration: underline } \t\tH2.western { font-family: \"Times New Roman\", serif; font-size: 12pt; so-language: es-ES; font-weight: normal } \t\tH2.cjk { font-family: \"Arial Unicode MS\"; font-size: 12pt; font-weight: normal } \t\tH2.ctl { font-family: \"Tahoma\"; font-size: 12pt; font-weight: normal } --><strong>ADJUST expone y propone. Este blog <\/strong><strong>toma nota, informa y expone irregularidades y <\/strong><strong>desequilibrios <\/strong><strong>de la cultura actual de cara a <\/strong><strong>ajustarlas. Lo hace a trav\u00e9s de las categor\u00edas: &#8220;Argumentos&#8221;, &#8220;Lo inapropiado&#8221; y &#8220;Clamaciones&#8221;. A trav\u00e9s de la categor\u00eda &#8220;Adhesi\u00f3n&#8221;, este blog propone ideas y pol\u00edticas a las que el lector se puede sumar.<\/strong><strong> El<\/strong><strong> \u00e1mbito especifico es el del arte y la cultura. <\/strong><strong>El objetivo es promover pol\u00edticas y pr\u00e1cticas justas e inteligentes a trav\u00e9s de apuntar\u00a0 las que no lo son\u00a0 y las que podr\u00edan serlo.<br \/>\n<\/strong><\/p>\n<p><strong>ADJUST es el Blog de la Fundacion Mosis-Modelos y Sistemas; Arte y Ciudad. <\/strong><strong>Una asociaci\u00f3n se hace oir por representaci\u00f3n; un\u00a0 tanque de pensamiento constituido como fundacion se hace oir por adhesion a las ideas fundadas. <\/strong><\/p>\n<p><strong>El blog es <\/strong><strong>una<\/strong><strong> <\/strong><strong>pizarra de\u00a0 pr\u00e1cticas y pol\u00edticas incorrectas o inadecuadas que arraigadas en la tradici\u00f3n del sector se toman por valiosas e inamovibles. Se trata de identificar cuales son los verdaderos problemos del arte y sus falacias o los que aparecen como problemas pero no lo son. <\/strong><strong> <\/strong><\/p>\n<p style=\"text-align: left;\" lang=\"es-ES\"><strong>__________________________________________________________________________________________<br \/>\n<\/strong><\/p>\n<p>Este blog surge de dos necesidades:<\/p>\n<p>una primera de m\u00e9todo;\u00a0 en una sociedad \u201cglobal\u201d no tiene mecanismos de regulaci\u00f3n, siendo los propios participantes los que la tienen que controlar como pr\u00e1ctica cotidiana de forma individual por autodisciplina. Es la falacia de lo colectivo. Si un individuo en una comunidad es un garbanzo en el potaje, en un colectivo est\u00e1 triturado como una patata en un pur\u00e9.<\/p>\n<p>y una segunda, de contenido; han de cambiar las pol\u00edticas culturales. Hay muchos centros de arte nuevos pero los modelos son viejos; el valor a\u00f1adido cultural del arte trae ingresos a la ciudad a trav\u00e9s\u00a0 del turismo pero si el arte se pone en funci\u00f3n del turismo acaba con\u00a0 el arte y\u00a0 con la ciudad (como pas\u00f3 por ejemplo con la costa espa\u00f1ola).<\/p>\n<p>Este blog es una pizarra de pr\u00e1cticas incorrectas e inadecuadas y\/o un \u00edndice de las mismas. El apunte al ser p\u00fablico hace presi\u00f3n social; el blog hace de <em>ajustador<\/em>. El anuncio lleva la identidad visible como signo de responsabilidad. Si uno quiere mantener el anonimato, el apunte no se publica pero s\u00ed se guarda; el blog hace de <em>testigo<\/em>. Aunque esto a nivel pr\u00e1ctico no sirve para nada o casi nada (pudiendo actuar si se reciben anuncios similares). El mero hecho de que la informaci\u00f3n se haya compartido con un tercero, es potencialmente una amenaza. En este sentido la sola existencia del blog, si es usado de forma extensa, hace de elemento disuasorio o auto-regulador.<\/p>\n<p><strong>______________________________________________________________________________________________<\/strong><\/p>\n<p><strong>A trav\u00e9s del registro de la informaci\u00f3n y <\/strong><strong>de la visibilidad, un peri\u00f3dico o un blog,<\/strong><strong> <\/strong><strong>e<\/strong><strong>jerce presi\u00f3n social sobre los problemas privados con dimensi\u00f3n p\u00fablica.<\/strong><strong> <\/strong><strong> <\/strong>Informar es contar la realidad, lo cual implica contar la totalidad de lo ocurrido. El que desmiente parte de una situaci\u00f3n la hace pasar por lo que no es para beneficiarse de la misma. Investigar e informar, en \u00e1mbitos p\u00fablicos, para que la visibilidad sea una herramienta de presi\u00f3n social es la funci\u00f3n del periodismo. Tradicionalmente la prensa pone al descubierto partes olvidadas en otros medios informativos como la televisi\u00f3n, sin embargo en los \u00faltimos a\u00f1os los peri\u00f3dicos no cumplen esta funci\u00f3n y son blogs los que la asumen. La figura del periodista como investigador profesional casi ha desaparecido, y ha sido sustituida por el detective de la vida diaria. Al menos de forma potencial, cualquier individuo puede serlo, buscando informaci\u00f3n en la red, poniendo informaci\u00f3n o bien reaccionando a las noticias que le llegan a su correo personal. En ciertos \u00e1mbitos como el del arte, la educaci\u00f3n y la cultura, las convocatorias se difunden por e-mail a trav\u00e9s de compa\u00f1\u00edas de informaci\u00f3n global como e-flux. La globalidad de las convocatorias contribuye a que las condiciones sean pocos justas y a menudo abusivas y no haya mecanismos de control salvo las respuestas de los propios usuarios. Tan f\u00e1cil como abrir un e-mail, es mandar otro, cuestionando el procedimiento de las pr\u00e1cticas cuando aparecen inadecuadas. Sin embargo, pocos lo hacen, quiz\u00e1 por pereza, por falta de tiempo o de responsabilidad o sencillamente porque no se reconocen en la colectividad. La comunidad reconoce la individualidad mientras que la colectividad la esconde.<\/p>\n<p>Administrador del Blog:\u00a0 Jana Leo\u00a0 janaleo<a href=\"mailto:javiermartinez@fundacionmosis.org\">@fundacionmosis.org<\/a><br \/>\nT\u00e9cnico del Blog: Simon Lund <a href=\"mailto:simonlund@fundacionmosis.org\">simonlund@fundacionmosis.org<\/a><\/p>\n<p style=\"text-align: left;\"><strong>Si deseas m\u00e1s informaci\u00f3n sobre quienes somos, haz click en <\/strong><a href=\"http:\/\/fundacionmosis.org\" target=\"_blank\"><strong>www.fundacionmosis.org<\/strong><strong> <\/strong><\/a><\/p>\n<p style=\"text-align: left;\"><strong> <\/strong><\/p>\n","protected":false},"excerpt":{"rendered":"<p>ADJUST expone y propone. Este blog toma nota, informa y expone irregularidades y desequilibrios de la cultura actual de cara a ajustarlas. Lo hace a trav\u00e9s de las categor\u00edas: &#8220;Argumentos&#8221;, &#8220;Lo inapropiado&#8221; y &#8220;Clamaciones&#8221;. A trav\u00e9s de la categor\u00eda &#8220;Adhesi\u00f3n&#8221;, este blog propone ideas y pol\u00edticas a las que el lector se puede sumar. El [&hellip;]<\/p>\n","protected":false},"author":1,"featured_media":0,"parent":0,"menu_order":0,"comment_status":"open","ping_status":"open","template":"","meta":[],"_links":{"self":[{"href":"http:\/\/fundacionmosis.com\/blog\/index.php?rest_route=\/wp\/v2\/pages\/2"}],"collection":[{"href":"http:\/\/fundacionmosis.com\/blog\/index.php?rest_route=\/wp\/v2\/pages"}],"about":[{"href":"http:\/\/fundacionmosis.com\/blog\/index.php?rest_route=\/wp\/v2\/types\/page"}],"author":[{"embeddable":true,"href":"http:\/\/fundacionmosis.com\/blog\/index.php?rest_route=\/wp\/v2\/users\/1"}],"replies":[{"embeddable":true,"href":"http:\/\/fundacionmosis.com\/blog\/index.php?rest_route=%2Fwp%2Fv2%2Fcomments&post=2"}],"version-history":[{"count":22,"href":"http:\/\/fundacionmosis.com\/blog\/index.php?rest_route=\/wp\/v2\/pages\/2\/revisions"}],"predecessor-version":[{"id":15,"href":"http:\/\/fundacionmosis.com\/blog\/index.php?rest_route=\/wp\/v2\/pages\/2\/revisions\/15"}],"wp:attachment":[{"href":"http:\/\/fundacionmosis.com\/blog\/index.php?rest_route=%2Fwp%2Fv2%2Fmedia&parent=2"}],"curies":[{"name":"wp","href":"https:\/\/api.w.org\/{rel}","templated":true}]}}

<p><!-- 		@page { margin: 0.79in } 		P { margin-bottom: 0in } 		P.western { so-language: es-ES; font-weight: bold } 		P.cjk { font-weight: bold } 		H2 { margin-top: 0in; margin-bottom: 0in; text-decoration: underline } 		H2.western { font-family: "Times New Roman", serif; font-size: 12pt; so-language: es-ES; font-weight: normal } 		H2.cjk { font-family: "Arial Unicode MS"; font-size: 12pt; font-weight: normal } 		H2.ctl { font-family: "Tahoma"; font-size: 12pt; font-weight: normal } --></p>
<p><!-- 		@page { margin: 0.79in } 		P { margin-bottom: 0in } 		P.western { so-language: es-ES; font-weight: bold } 		P.cjk { font-weight: bold } 		H2 { margin-top: 0in; margin-bottom: 0in; text-decoration: underline } 		H2.western { font-family: "Times New Roman", serif; font-size: 12pt; so-language: es-ES; font-weight: normal } 		H2.cjk { font-family: "Arial Unicode MS"; font-size: 12pt; font-weight: normal } 		H2.ctl { font-family: "Tahoma"; font-size: 12pt; font-weight: normal } --><strong>ADJUST expone y propone. Este blog </strong><strong>toma nota, informa y expone irregularidades y </strong><strong>desequilibrios </strong><strong>de la cultura actual de cara a </strong><strong>ajustarlas. Lo hace a través de las categorías: &#8220;Argumentos&#8221;, &#8220;Lo inapropiado&#8221; y &#8220;Clamaciones&#8221;. A través de la categoría &#8220;Adhesión&#8221;, este blog propone ideas y políticas a las que el lector se puede sumar.</strong><strong> El</strong><strong> ámbito especifico es el del arte y la cultura. </strong><strong>El objetivo es promover políticas y prácticas justas e inteligentes a través de apuntar  las que no lo son  y las que podrían serlo.<br />
</strong></p>
<p><strong>ADJUST es el Blog de la Fundacion Mosis-Modelos y Sistemas; Arte y Ciudad. </strong><strong>Una asociación se hace oir por representación; un  tanque de pensamiento constituido como fundacion se hace oir por adhesion a las ideas fundadas. </strong></p>
<p><strong>El blog es </strong><strong>una</strong><strong> </strong><strong>pizarra de  prácticas y políticas incorrectas o inadecuadas que arraigadas en la tradición del sector se toman por valiosas e inamovibles. Se trata de identificar cuales son los verdaderos problemos del arte y sus falacias o los que aparecen como problemas pero no lo son. </strong><strong> </strong></p>
<p style="text-align: left;" lang="es-ES"><strong>__________________________________________________________________________________________<br />
</strong></p>
<p>Este blog surge de dos necesidades:</p>
<p>una primera de método;  en una sociedad “global” no tiene mecanismos de regulación, siendo los propios participantes los que la tienen que controlar como práctica cotidiana de forma individual por autodisciplina. Es la falacia de lo colectivo. Si un individuo en una comunidad es un garbanzo en el potaje, en un colectivo está triturado como una patata en un puré.</p>
<p>y una segunda, de contenido; han de cambiar las políticas culturales. Hay muchos centros de arte nuevos pero los modelos son viejos; el valor añadido cultural del arte trae ingresos a la ciudad a través  del turismo pero si el arte se pone en función del turismo acaba con  el arte y  con la ciudad (como pasó por ejemplo con la costa española).</p>
<p>Este blog es una pizarra de prácticas incorrectas e inadecuadas y/o un índice de las mismas. El apunte al ser público hace presión social; el blog hace de <em>ajustador</em>. El anuncio lleva la identidad visible como signo de responsabilidad. Si uno quiere mantener el anonimato, el apunte no se publica pero sí se guarda; el blog hace de <em>testigo</em>. Aunque esto a nivel práctico no sirve para nada o casi nada (pudiendo actuar si se reciben anuncios similares). El mero hecho de que la información se haya compartido con un tercero, es potencialmente una amenaza. En este sentido la sola existencia del blog, si es usado de forma extensa, hace de elemento disuasorio o auto-regulador.</p>
<p><strong>______________________________________________________________________________________________</strong></p>
<p><strong>A través del registro de la información y </strong><strong>de la visibilidad, un periódico o un blog,</strong><strong> </strong><strong>e</strong><strong>jerce presión social sobre los problemas privados con dimensión pública.</strong><strong> </strong><strong> </strong>Informar es contar la realidad, lo cual implica contar la totalidad de lo ocurrido. El que desmiente parte de una situación la hace pasar por lo que no es para beneficiarse de la misma. Investigar e informar, en ámbitos públicos, para que la visibilidad sea una herramienta de presión social es la función del periodismo. Tradicionalmente la prensa pone al descubierto partes olvidadas en otros medios informativos como la televisión, sin embargo en los últimos años los periódicos no cumplen esta función y son blogs los que la asumen. La figura del periodista como investigador profesional casi ha desaparecido, y ha sido sustituida por el detective de la vida diaria. Al menos de forma potencial, cualquier individuo puede serlo, buscando información en la red, poniendo información o bien reaccionando a las noticias que le llegan a su correo personal. En ciertos ámbitos como el del arte, la educación y la cultura, las convocatorias se difunden por e-mail a través de compañías de información global como e-flux. La globalidad de las convocatorias contribuye a que las condiciones sean pocos justas y a menudo abusivas y no haya mecanismos de control salvo las respuestas de los propios usuarios. Tan fácil como abrir un e-mail, es mandar otro, cuestionando el procedimiento de las prácticas cuando aparecen inadecuadas. Sin embargo, pocos lo hacen, quizá por pereza, por falta de tiempo o de responsabilidad o sencillamente porque no se reconocen en la colectividad. La comunidad reconoce la individualidad mientras que la colectividad la esconde.</p>
<p>Administrador del Blog:  Jana Leo  janaleo<a href="mailto:javiermartinez@fundacionmosis.org">@fundacionmosis.org</a><br />
Técnico del Blog: Simon Lund <a href="mailto:simonlund@fundacionmosis.org">simonlund@fundacionmosis.org</a></p>
<p style="text-align: left;"><strong>Si deseas más información sobre quienes somos, haz click en </strong><a href="http://fundacionmosis.org" target="_blank"><strong>www.fundacionmosis.org</strong><strong> </strong></a></p>
<p style="text-align: left;"><strong> </strong></p>

<p>ADJUST expone y propone. Este blog toma nota, informa y expone irregularidades y desequilibrios de la cultura actual de cara a ajustarlas. Lo hace a través de las categorías: &#8220;Argumentos&#8221;, &#8220;Lo inapropiado&#8221; y &#8220;Clamaciones&#8221;. A través de la categoría &#8220;Adhesión&#8221;, este blog propone ideas y políticas a las que el lector se puede sumar. El [&hellip;]</p>
